{"id":31,"date":"2025-03-13T07:44:41","date_gmt":"2025-03-13T07:44:41","guid":{"rendered":"https:\/\/thefilmby.7szkola.pl\/?page_id=31"},"modified":"2025-04-03T07:21:46","modified_gmt":"2025-04-03T07:21:46","slug":"inspiracje","status":"publish","type":"page","link":"https:\/\/thefilmby.7szkola.pl\/index.php\/inspiracje\/","title":{"rendered":"Inspiracje"},"content":{"rendered":"\n<p><\/p>\n\n\n\n<figure class=\"wp-block-image size-full\"><img loading=\"lazy\" decoding=\"async\" width=\"960\" height=\"641\" src=\"http:\/\/thefilmby.7szkola.pl\/wp-content\/uploads\/2025\/02\/image-3.jpeg\" alt=\"\" class=\"wp-image-44\" srcset=\"https:\/\/thefilmby.7szkola.pl\/wp-content\/uploads\/2025\/02\/image-3.jpeg 960w, https:\/\/thefilmby.7szkola.pl\/wp-content\/uploads\/2025\/02\/image-3-300x200.jpeg 300w, https:\/\/thefilmby.7szkola.pl\/wp-content\/uploads\/2025\/02\/image-3-768x513.jpeg 768w\" sizes=\"auto, (max-width: 960px) 100vw, 960px\" \/><\/figure>\n\n\n\n<p>Ten film powsta\u0142 dzi\u0119ki wielu naszym inspiracjom, kt\u00f3re kolekcjonowali\u015bmy w naszych g\u0142owach od wczesnego dzieci\u0144stwa! <\/p>\n\n\n\n<p>W tym miejscu mo\u017cesz zapozna\u0107 si\u0119 z przyk\u0142adami utwor\u00f3w kultury, kt\u00f3re nas natchn\u0119\u0142y i zmobilizowa\u0142y aby podj\u0105\u0107 t\u0105 inicjatyw\u0119 (wcale nie chodzi o sz\u00f3stk\u0119 z angielskiego&#x1f609;).<\/p>\n\n\n\n<hr class=\"wp-block-separator has-alpha-channel-opacity\"\/>\n\n\n\n<details class=\"wp-block-details is-layout-flow wp-block-details-is-layout-flow\"><summary>Miasteczko Salem<\/summary>\n<p>W ma\u0142ym prowincjonalnym miasteczku maj\u0105 miejsce niewyt\u0142umaczalne zdarzenia: znikaj\u0105 i gin\u0105 doro\u015bli z dzie\u0107mi, a zbrodnie wydaj\u0105 si\u0119 by\u0107 s\u0105 ze sob\u0105 powi\u0105zane.<\/p>\n<\/details>\n\n\n\n<details class=\"wp-block-details is-layout-flow wp-block-details-is-layout-flow\"><summary>Five Nights at Freddy&#8217;s<\/summary>\n<p>Historia za\u0142o\u017cycieli s\u0142ynnej sieci Pizzerii, znanej z animatronicznych maskotek. Tajemnicze eksperymenty i sekrety jednego z nich doprowadzaj\u0105 do tragedii na ogromn\u0105 skal\u0119\u2026<\/p>\n<\/details>\n\n\n\n<details class=\"wp-block-details is-layout-flow wp-block-details-is-layout-flow\"><summary>Sm\u0119tarz dla zwierzak\u00f3w<\/summary>\n<p>Rodzina odkrywa tajemniczy cmentarz. Wkr\u00f3tce zaczynaj\u0105 si\u0119 dzia\u0107 przera\u017caj\u0105ce rzeczy.<\/p>\n<\/details>\n\n\n\n<div class=\"wp-block-group alignfull has-background-background-color has-background has-global-padding is-layout-constrained wp-container-core-group-is-layout-fb85e995 wp-block-group-is-layout-constrained\" style=\"margin-top:0;margin-bottom:0;padding-top:var(--wp--preset--spacing--60);padding-right:var(--wp--preset--spacing--30);padding-bottom:var(--wp--preset--spacing--60);padding-left:var(--wp--preset--spacing--30)\">\n<figure class=\"wp-block-gallery alignwide has-nested-images columns-default is-cropped wp-block-gallery-1 is-layout-flex wp-block-gallery-is-layout-flex\">\n<figure class=\"wp-block-image size-full\"><img loading=\"lazy\" decoding=\"async\" width=\"352\" height=\"500\" data-id=\"141\" src=\"https:\/\/thefilmby.7szkola.pl\/wp-content\/uploads\/2025\/04\/1245490-352x500-1.jpg\" alt=\"\" class=\"wp-image-141\" style=\"aspect-ratio:3\/4;object-fit:cover\" srcset=\"https:\/\/thefilmby.7szkola.pl\/wp-content\/uploads\/2025\/04\/1245490-352x500-1.jpg 352w, https:\/\/thefilmby.7szkola.pl\/wp-content\/uploads\/2025\/04\/1245490-352x500-1-211x300.jpg 211w\" sizes=\"auto, (max-width: 352px) 100vw, 352px\" \/><\/figure>\n\n\n\n<figure class=\"wp-block-image size-full\"><img loading=\"lazy\" decoding=\"async\" width=\"253\" height=\"400\" data-id=\"146\" src=\"https:\/\/thefilmby.7szkola.pl\/wp-content\/uploads\/2025\/04\/s-l400-1.jpg\" alt=\"\" class=\"wp-image-146\" style=\"aspect-ratio:3\/4;object-fit:cover\" srcset=\"https:\/\/thefilmby.7szkola.pl\/wp-content\/uploads\/2025\/04\/s-l400-1.jpg 253w, https:\/\/thefilmby.7szkola.pl\/wp-content\/uploads\/2025\/04\/s-l400-1-190x300.jpg 190w\" sizes=\"auto, (max-width: 253px) 100vw, 253px\" \/><\/figure>\n\n\n\n<figure class=\"wp-block-image size-full\"><img loading=\"lazy\" decoding=\"async\" width=\"480\" height=\"750\" data-id=\"145\" src=\"https:\/\/thefilmby.7szkola.pl\/wp-content\/uploads\/2025\/04\/7877938_2.3.jpg\" alt=\"\" class=\"wp-image-145\" style=\"aspect-ratio:3\/4;object-fit:cover\" srcset=\"https:\/\/thefilmby.7szkola.pl\/wp-content\/uploads\/2025\/04\/7877938_2.3.jpg 480w, https:\/\/thefilmby.7szkola.pl\/wp-content\/uploads\/2025\/04\/7877938_2.3-192x300.jpg 192w\" sizes=\"auto, (max-width: 480px) 100vw, 480px\" \/><\/figure>\n<\/figure>\n<\/div>\n\n\n\n<hr class=\"wp-block-separator has-alpha-channel-opacity\"\/>\n\n\n\n<p class=\"has-text-align-center\">Je\u015bli dzielisz z nami zainteresowanie danym dzie\u0142em, podziel si\u0119 tym na FORUM!<\/p>\n\n\n\n<div class=\"wp-block-buttons is-content-justification-center is-layout-flex wp-container-core-buttons-is-layout-749adb30 wp-block-buttons-is-layout-flex\">\n<div class=\"wp-block-button\"><a class=\"wp-block-button__link wp-element-button\" href=\"https:\/\/thefilmby.7szkola.pl\/index.php\/2025\/03\/20\/forum\/\">Forum<\/a><\/div>\n<\/div>\n\n\n\n<hr class=\"wp-block-separator has-alpha-channel-opacity\"\/>\n\n\n\n<p>\u00a9 Copyright 2025<\/p>\n\n\n","protected":false},"excerpt":{"rendered":"<p>Ten film powsta\u0142 dzi\u0119ki wielu naszym inspiracjom, kt\u00f3re kolekcjonowali\u015bmy w naszych g\u0142owach od wczesnego dzieci\u0144stwa! W tym miejscu mo\u017cesz zapozna\u0107 si\u0119 z przyk\u0142adami utwor\u00f3w kultury, kt\u00f3re nas natchn\u0119\u0142y i zmobilizowa\u0142y aby podj\u0105\u0107 t\u0105 inicjatyw\u0119 (wcale nie chodzi o sz\u00f3stk\u0119 z angielskiego&#x1f609;). Je\u015bli dzielisz z nami zainteresowanie danym dzie\u0142em, podziel si\u0119 tym na FORUM! \u00a9 Copyright [&hellip;]<\/p>\n","protected":false},"author":1,"featured_media":0,"parent":0,"menu_order":0,"comment_status":"closed","ping_status":"closed","template":"","meta":{"footnotes":""},"class_list":["post-31","page","type-page","status-publish","hentry"],"_links":{"self":[{"href":"https:\/\/thefilmby.7szkola.pl\/index.php\/wp-json\/wp\/v2\/pages\/31","targetHints":{"allow":["GET"]}}],"collection":[{"href":"https:\/\/thefilmby.7szkola.pl\/index.php\/wp-json\/wp\/v2\/pages"}],"about":[{"href":"https:\/\/thefilmby.7szkola.pl\/index.php\/wp-json\/wp\/v2\/types\/page"}],"author":[{"embeddable":true,"href":"https:\/\/thefilmby.7szkola.pl\/index.php\/wp-json\/wp\/v2\/users\/1"}],"replies":[{"embeddable":true,"href":"https:\/\/thefilmby.7szkola.pl\/index.php\/wp-json\/wp\/v2\/comments?post=31"}],"version-history":[{"count":11,"href":"https:\/\/thefilmby.7szkola.pl\/index.php\/wp-json\/wp\/v2\/pages\/31\/revisions"}],"predecessor-version":[{"id":156,"href":"https:\/\/thefilmby.7szkola.pl\/index.php\/wp-json\/wp\/v2\/pages\/31\/revisions\/156"}],"wp:attachment":[{"href":"https:\/\/thefilmby.7szkola.pl\/index.php\/wp-json\/wp\/v2\/media?parent=31"}],"curies":[{"name":"wp","href":"https:\/\/api.w.org\/{rel}","templated":true}]}}